 of 3 + -4 + (1 - 2)?
-2
Evaluate 4 - (4 + (1 + 1 - 2)).
0
What is 4 - (4 - (9 + -8))?
1
What is -6 - ((-8 - -16) + -8)?
-6
Calculate -4 + (4 - 1 - 5 - -10).
4
What is the value of -1 - (5 - (6 - 2) - 5)?
3
What is the value of 8 + -13 + (13 + 1 - 5)?
4
Evaluate (11 - 11) + (3 - 0).
3
Calculate -3 - (3 + -6 + 10 - 4).
-6
Calculate -1 + 2 + -10 + 8 - -2.
1
Evaluate -7 + 10 + -1 + -8 - -5.
-1
What is the value of (12 - 5 - 6) + -4 + 2?
-1
What is the value of -6 + (4 - -5) - -3 - 14?
-8
What is 3 - (-3 - (3 + (-10 - -4)))?
3
7 + 0 - (63 + -59)
3
Evaluate -2 - (2 - 5 - -7) - -4.
-2
Calculate 1 - -1 - (-81 + 90).
-7
Evaluate 1 - ((-2 - 1) + 7 - 3).
0
What is the value of 2 + (6 - (10 - -3))?
-5
Evaluate (-1 - (-5 - -4)) + 0.
0
Evaluate -11 + (-6 - -1 - -4 - -5).
-7
What is the value of 2 + 0 - (17 + -18)?
3
Evaluate -5 - -6 - (1 + 2).
-2
What is 1 - (-1 + (-2 - (6 + -6)))?
4
Calculate 2 - (15 + -6) - -11.
4
(3 - (3 + 0)) + (-2 - -2)
0
What is (0 - 7) + 9 + (2 - 10)?
-6
What is the value of (-96 - -105) + (-6 - 1)?
2
What is the value of -7 + 3 + (-4 - -3)?
-5
Calculate (54 - 54) + 0 + 1 + 4.
5
-2 - 0 - (-3 - (-10 + 10))
1
What is the value of (-5 - 0) + (13 - 11)?
-3
Evaluate -32 - -41 - (-1 - -18).
-8
Evaluate (1 - 0) + 1 + 0 + 2.
4
(-1 - (-1 + -1)) + -1 + 4
4
What is -3 + 5 + 6 - (-2 + 6)?
4
What is -11 + 4 - -10 - 8?
-5
Calculate (1 - (-3 + 9)) + 5.
0
What is -1 + 2 - 2 - -5?
4
What is -5 - (2 + (1 - 2 - 0))?
-6
What is the value of (-8 + -1 - (-7 + 3)) + 2?
-3
Calculate -4 - (-6 + 0) - 6.
-4
What is -1 - -5 - (-14 - -12)?
6
What is 5 + 5 + (3 - 8) + -4?
1
What is (3 - (-1 - -5)) + -3 + -1?
-5
3 - (2 + 3 + -5 + 4)
-1
What is the value of 2 - (-39 - -38 - (-1 + 0))?
2
Calculate (-9 - 2) + 7 - -6.
2
(4 - -1 - 14) + 6 + 0
-3
What is 10 + -4 - 12 - -1?
-5
Evaluate -9 + (-3 - -5) - -4.
-3
-3 + (-1 - -2) - -1
-1
Calculate 5 - (3 + 1) - 0.
1
What is the value of -5 - ((2 - 3) + 6 + -20)?
10
What is -6 + (7 - 13) + 14?
2
12 + (-14 - -3) - -5
6
Calculate -5 + 5 + 5 - (5 + 2).
-2
Evaluate -16 + -13 + 17 + 9.
-3
-4 + (-4 - -4) + (6 - 1)
1
What is (12 - 5 - 6) + -1?
0
Evaluate 2 + 1 + -16 + 6.
-7
(6 - 10) + (16 - 10)
2
Calculate 6 - ((5 - 9) + 1 + 2).
7
What is the value of -2 - (5 + -4 + -6 + -2)?
5
What is the value of 28 + -31 + -3 + 6?
0
Evaluate -18 + 18 + (-6 - -2) - -5.
1
What is the value of 1 + 12 - (-99 - -106)?
6
Calculate 5 - (4 + -5 - 1) - 1.
6
What is the value of -2 - (-5 + 0) - (3 + -3)?
3
What is the value of -4 - ((1 - (7 + 0)) + 6)?
-4
Calculate (-2 - (-3 - (2 + -4))) + 1.
0
(-5 - -4 - 0) + 5
4
-2 + -1 + (1 - 0) + -1
-3
1 - (-4 + (-6 - -16 - -1))
-6
Calculate 2 - -1 - (1 - 2).
4
What is the value of (-16 - -6) + 4 + 4?
-2
What is the value of -4 - -8 - 4 - -2?
2
What is the value of -3 + (18 - 1) + -69 + 64?
9
-2 - (-2 - -1) - -4
3
6 + (-3 - 5) + 7
5
-7 - (4 - (7 + 2)) - -4
2
Calculate -15 + (-5 - -3) - (-9 - -1).
-9
Calculate -64 + 65 - (1 + -8).
8
Calculate -6 + (-8 - (4 - 12)) + 15.
9
Calculate 1 - -2 - (1 - -1 - 4).
5
What is the value of 19 + (15 - 23) + -3 + 0?
8
What is the value of (1 - -4) + -3 + -8?
-6
2 - (-6 - -5) - -1
4
Evaluate -1 + 5 + -8 + 7 - 4.
-1
Calculate 5 + (2 - (6 - 6)) + -2.
5
Evaluate 7 + (9 - 17) + -6.
-7
What is (1 - (-5 - -8)) + 4?
2
Evaluate (-2 - -5) + (-6 - -3).
0
(-8 - (0 + -2) - -9) + -6
-3
What is -2 + 3 + 4 - (7 - 6)?
4
Evaluate (4 - (3 - 1 - 3)) + -7.
-2
What is 1 + -9 + (-21 - -25)?
-4
What is the value of -8 - (-14 + 8) - (-3 - 3)?
4
Calculate 1 - ((-6 - -1) + 2 + 3).
1
Calculate 5 - (5 + 2) - (-4 - -1).
1
What is -4 - (25 + -26 + (-8 - 1))?
6
What is the value of 1 - (4 - (-4 - -2))?
-5
What is (-10 - -16) + 1 - 11?
-4
What is -3 + (-5 - (-1 - (6 + -4)))?
-5
Evaluate 0 - (-6 + (5 - 4 - -4)).
1
What is the value of (8 - 1) + -3 + -6?
-2
Evaluate (9 - (3 + -4)) + -20.
-10
What is the value of -10 + (-5 - -10) - -1?
-4
8 - 3 - -2 - 5
2
What is (24 - 15) + -11 + (0 - 1)?
-3
What is 1 + (4 - (-3 - -6)) - 4?
-2
What is the value of 0 + 21 - (30 - 17)?
8
(11 - ((4 - -3) + -1)) + -3
2
Calculate -90 + 100 + (-3 - 0).
7
-2 + -5 + 11 + -1
3
What is 0 + 4 + (-5 - -2)?
1
Calculate 1 + (1 - 1) + (-162 - -166).
5
What is the value of (4 - -1) + (3 - 4 - 1)?
3
What is the value of 2 - 4 - -10 - 3?
5
-2 - (1 - 3) - (-2 - -2)
0
What is the value of 7 + (4 - (-8 - -14))?
5
Calculate 13 - (11 - 1) - 3.
0
What is 3 + -1 + -1 + -12 + 11?
0
3 + -2 - (-5 + 7)
-1
Evaluate -26 + 35 + (-2 - -2).
9
Calculate 4 + -2 - 0 - (8 + -11).
5
Evaluate (8 - (-1 - 1)) + -4.
6
4 + 3 + -5 + -1
1
Calculate (4 - 1) + 18 + -25 + 8.
4
Evaluate 6 + (-9 - -12) + -6.
3
4 + (-9 - -6 - 1)
0
92 + -101 + (11 - -1)
3
3 + (-11 + 8 - (0 + -2))
2
0 + (-4 - (6 + -8 + 6))
-8
Evaluate 4 + (2 - ((12 - 6) + 9)).
-9
10 - (-1 - (-13 - -11))
9
What is the value of 6 + -8 + -5 + 13?
6
Calculate (0 - 3) + -2 - -3 - 5.
-7
What is (-4 - 0) + 76 + -72 + -7?
-7
Calculate 3 - 1 - (-44 + 41).
5
Calculate 2 - (1 - 12) - 6.
7
Evaluate -6 + (5 - 9) + 5.
-5
5 + (-9 - -6 - -2)
4
Evaluate -5 - -1 - (4 - 3).
-5
What is (-4 - (-7 - -2)) + -2?
-1
Calculate -13 - -24 - (8 + 1).
2
What is the value of 1 + (9 - (28 + -10))?
-8
Calculate 5 + (4 - (0 - -5)).
4
Evaluate 4 + -10 + 1 + (-6 - -12).
1
What is 6 - (-6 + -1 + 13)?
0
What is 2 - ((-9 - -8) + 4)?
-1
-2 + 7 - (-8 + 11) - 7
-5
13 + 1 - (27 - 13)
0
12 - ((7 - 5) + 5)
5
Evaluate -2 - (2 + -1) - -2.
-1
Calculate -17 - (-10 + -11) - (-1 - -3).
2
What is the value of 5 - 0 - (12 + -5 + -3)?
1
Evaluate -2 - (-5 - ((-4 - -10) + -10)).
-1
0 - -1 - (-23 - -26)
-2
-10 + 2 + 7 - (-4 + 1)
2
-11 - (4 + -16) - -2
3
Evaluate -8 + (-2 - -4) + 3.
-3
What is (-9 - -3) + (-3 - -5 - -3)?
-1
What is the value of 3 + (-5 - 4) + 3?
-3
What is the value of -2 + (-4 - -3) + 7?
4
What is -19 + 20 - (8 + 0)?
-7
Evaluate 10 + -4 + (-2 - -1) - 1.
4
Evaluate -21 + 20 + 1 + 4 + 1.
5
What is -4 + (-4 - -4) + 2?
-2
3 + 1 + -10 + 4
-2
What is the value of 18 + -10 + 1 - 1?
8
What is -2 - (2 + -6 - 0)?
2
3 + -8 + 1 + 1
-3
-2 + 5 + (4 - (-3 + 10))
0
Evaluate 12 + -2 - (15 - 8).
3
What is (-5 - (2 - 6)) + -8?
-9
What is the value of 0 - ((0 - 0) + 2 + 0)?
-2
Evaluate 3 - (-5 + 10) - 3.
-5
Evaluate 15 + 1 + -2 + -6.
8
What is 1 + (3 - 5) + 1 + -3?
-3
What is the value of -1 - -2 - (-4 + -6 + 12)?
-1
What is the value of (1 - (5 + -2)) + 4?
2
1 + -1 - (-4 + 6 + 3)
-5
1 + 0 + (-7 - -10) + -1
3
Evaluate 3 - ((5 - 17) + 23).
-8
-1 + -3 + 6 + 4 + -4
2
Calculate -34 - -33 - (1 + 0) - 5.
-7
4 + (-4 - -2) - (0 - -3)
-1
Evaluate 2 + (5 - (-5 - -19 - 2)).
-5
What is the value of (-4 - 9 - -7) + 13?
7
What is 9 + -12 - (1 - (6 - -3))?
5
Evaluate (-5 - -2) + 5 + 1 + -1.
2
What is the value of 5 - (0 + 1 + 0) - 3?
1
Evaluate 7 + -18 + 3 + -4 - -5.
-7
Evaluate (9 - 8) + 3 + 3.
7
Evaluate 1 + 0 - (-4 + 0).
5
What is the value of 0 - (4 + -4 + 0 + -1)?
1
Calculate 1 + (1 + 10 - 21).
-9
What is 2 + 2 + (-3 - -1) + -2?
0
What is the value of 0 + 1 - (4 - -2)?
-5
Evaluate (-7 - (2 + -5)) + (11 - 4).
3
Calculate (1 - -2) + -1 + 2 - 0.
4
Evaluate (-13 - -10) + (9 - 1) - 4.
1
-8 + 14 + 2 + -3 + 3
8
What is the value of 5 + -1 - (6 + (-8 - -8))?
-2
Calculate 6 + -5 + 0 + 1.
2
What is the value of (-3 - -4) + 1 - (4 + -3)?
1
What is the value of 7 + -1 + -5 + -1 + 3?
3
Evaluate -9 + 6 + (-1 - (-6 + 0)).
2
Calculate 3 + (-2 - 8 - (6 - 10)).
-3
Calculate 0 - 0 - 4 - (-4 - 1).
1
What is the value of (1 - -11) + -6 + (-2 - 1)?
3
What is the value of 4 + (10 + -25 - -5)?
-6
What is the value of -1 - -2 - -2 - (5 + -1)?
-1
What is the value of 4 + -1 + -14 + 5 - -4?
-2
What is the value of -2 - 5 - 0 - (-7 - -5)?
-5
Calculate (-7 - -8) + -2 + 4.
3
-7 + (3 - 7) + 14
3
What is (-2 - (2 + -4)) + (2 - 3)?
-1
Evaluate -6 - (-1 + -2 - 0) - -2.
-1
What is 13 - (-1 - (-2 - (-4 + 8)))?
8
What is the value of 1 + (3 + 10 - 8)?
6
Evaluate 8 - ((-7 - (0 - 21)) + 2).
-8
What is 8 + (-1 - 1) + (-11 - -10)?
5
Evaluate -3 - ((-4 - -8) + (-1 - 1)).
-5
-7 - (-9 - (-15 + 9 + 0))
-4
Calculate 1 - (-8 - -2 - -2) - 4.
1
Calculate 4 + (-7 - (3 + (-12 - -7))).
-1
Evaluate -10 + -2 + -6 + 11.
-7
3 + 0 + -2 + 1 + 1
3
-11 + 14 + 9 + -3
9
What is 3 + -13 + (-7 - -13)?
-4
What is the value of 1 - 0 - (0 + 2 + -3)?
2
7 + -16 - (-7 - 0)
-2
What is 0 - -3 - (3 + -3)?
3
-7 - (-7 - (2 - 5))
-3
What is the value of -11 - ((